. Let z(s) = -3*f(s) - 4*o(s). Let j(d) = -d**2 - 2*d + 1. Let p be j(1). Give z(p).
-26
Suppose 6*l = -51*l + 399. Let y(d) = -d + 3. Let o(m) = -m + 4. Let n(x) = -5*o(x) + 6*y(x). What is n(l)?
-9
Suppose 125*r + 501 + 787 = -837. Let i(a) = -a**2 - 24*a - 119. What is i(r)?
0
Suppose -20*j - 6 = -23*j. Let p be 0/(j + -6 - -3). Let l(s) = s - 9*s + p*s + 3 + s**3 - 5*s**2. Determine l(6).
-9
Let c(v) = -10*v - 51. Let i(r) = -11*r - 51. Let f(m) = -2*c(m) + 3*i(m). Calculate f(-5).
14
Let m(r) = -3*r**3 + 3*r - 5. Suppose -959 = -322*i + 7. Give m(i).
-77
Suppose -41 = -5*v + 2*a, 5*v + 3*a - 38 = 4*a. Let l be 116/(-14) - (-2)/v. Let g(s) = -s**2 - 9*s + 4. Calculate g(l).
12
Let b be ((-2)/(-1))/(-9 + (22 - 15)). Let u(c) = 4*c**2 + 4*c + 3. Determine u(b).
3
Let z(o) be the third derivative of o**5/60 - o**4/6 - 11*o**3/6 + 5*o**2 + 164. Calculate z(5).
-6
Suppose -872 + 227 = -31*l - 98*l. Let r(g) = g**2 + 15*g - 105. Determine r(l).
-5
Let n(b) = b**2 + b + 2. Let v be 4/((-8)/3)*8. Let r be (-3)/v + 2/(-8). Suppose -10*o - 2 - 18 = r. What is n(o)?
4
Let a(q) = 5*q + 97. Let t be a(-19). Suppose 0*r - 5*r + 24 = -2*d, 5*r + t*d - 36 = 0. Let c(s) = s**3 - 6*s**2 + s. Calculate c(r).
6
Let q(p) be the third derivative of 0*p + 1/3*p**3 + 56*p**2 + 0 - 1/60*p**5 - 1/6*p**4. Determine q(-6).
-10
Let h(n) = -n**2 + 23*n + 31. Let v(c) = -27*c**3 - 162*c**2 - 3*c + 6. Let j be v(-6). Determine h(j).
7
Let o be ((-6)/8)/(1/(-4)). Let h be (-9)/(92 + -11) - (-19504)/9. Let a(i) = -h*i + 1080*i + 1082*i. Give a(o).
-15
Let q(h) = -1490*h + 7441. Let x be q(5). Let b(d) = 12*d**2 + d**3 - d - 4 - 2 - 3*d**2. Calculate b(x).
3
Let h(q) = -q + 5. Suppose -6*f + 7*f = -2*o - 392, 4*o = -5*f - 772. Let m = o + 190. Give h(m).
13
Suppose 4*s - 31 = 5*j, 2*s - 12*j = -11*j + 11. Let c(x) be the second derivative of 0 - 1/20*x**5 + 7/12*x**s + 1/3*x**3 + 5*x - 9/2*x**2. Determine c(7).
5
Let b(p) = -p**3 - p**2 + p + 4. Let y be b(0). Let i(d) = -6 + d - 2 + y + 8. Determine i(2).
6
Let m(y) = -y - 3. Let s be m(-9). Let i(k) = -s*k**2 + 59 - k**3 - 52 - 3*k + 3*k - 4*k. What is i(-6)?
31
Let f(x) = -3*x**3 + 3*x + 9. Let c(j) = -14*j**3 + 14*j + 36. Let y be -6 + (-5 - -8)/(12/16). Let v(a) = y*c(a) + 9*f(a). Let w = -1 - -1. What is v(w)?
9
Let b = -82325 - -82331. Let f(g) be the second derivative of -g**3/3 + 7*g**2/2 + g. Determine f(b).
-5
Let y(a) = 3*a - 1. Let p = 183 + -174. Suppose 4*k - p = 4*g + 15, -g - k = 6. Calculate y(g).
-19
Let y(t) = 98 + 13*t - 12*t**2 - 35 - 21*t**3 - 37 + 22*t**3 - 33. Give y(11).
15
Let c(o) be the first derivative of o**6/40 + o**5/60 + o**4/24 - 21*o**2/2 - 22. Let k(d) be the second derivative of c(d). Let p = 1 - 2. Determine k(p).
-3
Let m(h) = -9*h - 1 - h**2 - 4 - h. Let y be 9/(-12) - 8/(544/629). Give m(y).
-5
Suppose -n = -o + 4*o + 3, -2*o + 5*n = 19. Let f(p) = -15 + 3 - 15 - 2*p + 39 - 16. What is f(o)?
0
Let j(w) = 7*w**3 + 31*w**2 - 26*w + 15. Let z(k) = -5*k**3 - 27*k**2 + 27*k - 16. Let s(p) = -3*j(p) - 4*z(p). Determine s(12).
91
Let w(q) = q**3 - 14*q**2 - q + 7. Let t(k) = 4*k**3 - 41*k**2 - 4*k + 22. Let g(f) = 2*t(f) - 7*w(f). Suppose 157 - 29 = -8*o. Determine g(o).
11
Let r be ((-2)/10)/((-12)/34620). Let l = 585 - r. Let n(s) = s**2 - 10*s - 3. Determine n(l).
-19
Let w(k) = 4*k**2 + 20*k - 14. Let f(h) = -h**2 - 4*h + 3. Let g(c) = 5*f(c) + w(c). Determine g(12).
-143
Let p(i) = 18*i - 72. Suppose 0 = -79*j + 635 - 240. Give p(j).
18
Let t(v) be the first derivative of 7 - 39*v**2 - 7*v + 40*v**2 + 3*v + 7. Suppose -4321 = -10*k - 4261. Give t(k).
8
Let h(i) = i**2 + 9*i + 9. Let p be (4/(-8))/(1/(-10)). Let z be ((-210)/(-8))/(p*(-18)/(-240)). Suppose -16*f - z = 42. Give h(f).
-5
Let t(x) = -x**2 + 2*x. Let r be 2 + 304 + 2 - -4. Let y be (-6)/(-33) + r/(-22). Let k be (-2 - -2) + (y - -12). What is t(k)?
-8
Let w(z) = 19*z - 3. Let h(c) = 1 - 26*c - 5 + 8 - c. Let y(n) = -5*h(n) - 7*w(n). Calculate y(-2).
-3
Let h be 2/7 + (-37)/7. Let p(a) be the second derivative of 1/12*a**4 - 13*a + 0 + 5/6*a**3 - 7/2*a**2. Calculate p(h).
-7
Let b(u) be the second derivative of -u**4/6 + u**3/2 + u**2/2 + 12*u. Suppose -18*k = -21*k + 12. Determine b(k).
-19
Let v(m) = -m**3 + 12*m**2 - 15*m - 8. Let b(c) = 4*c**3 + 16*c**2 - 4*c - 5. Let j be b(-4). Give v(j).
-52
Suppose -4*q = -l + 8, -q = 3*q - 16. Suppose -4*f - 4*f = -l. Let j(w) = -3*w**3 + f*w - 4*w - w**2 + 4*w**3 + 0*w + 1. Determine j(1).
0
Let p(l) = 4*l - 21. Let o = 3030 + -3025. What is p(o)?
-1
Suppose -d + 0*d + 2 = 0. Suppose 4*n - 150 = d*n. Let i(a) = -40*a**2 + 0*a**3 - 31*a**2 + a**3 + n*a**2. Calculate i(-4).
0
Let m(z) = -10*z + 47. Let d(r) = 42*r - 184. Let u(x) = 2*d(x) + 9*m(x). Determine u(19).
-59
Let a(s) = -s**2 - 6*s - 4. Let g be a(-3). Suppose 4*n = -m + 28, g*n = 2*n + 3*m + 21. Let o(r) = 3 - r + 8 - n. Determine o(3).
1
Let o(l) = -28*l**2 - l + 3. Suppose 0 = -2*u, -3*d - 3*u - 2*u = 2*d + 10. Calculate o(d).
-107
Let c = 15214 + -15220. Let d(h) = -6*h + 4*h - 5 - 3*h. What is d(c)?
25
Let h(q) = 3*q + 17. Suppose 6*y + 44 = 2*y - 3*c, 0 = -2*y - c - 20. Let b(g) = -5*g - 25. Let w(j) = y*h(j) - 5*b(j). Give w(7).
-4
Let f(l) = -l**2 - 2*l + 1. Suppose -50*r + 238 = -36*r. Let o be (-6)/(-4)*160/(-12). Let g = o + r. Give f(g).
-2
Let t(r) = -2*r**2 + 10*r - 10. Let k(o) = o**2 - 4*o - 2. Let d(f) = 3*k(f) + t(f). Calculate d(7).
19
Let y(c) = -3*c**2 + c**2 + 106 - 354 - 98 + c**2 - 37*c. What is y(-18)?
-4
Let p(f) = -17*f + 21. Let u = 13933 + -13937. Give p(u).
89
Let m be (-1)/(-4) + (-9)/36. Suppose 10 = -8*b + 10*b. Suppose m = -5*l + 4*l - 2*d, b*d = 2*l. Let h(j) = j**3 - j + 8. Calculate h(l).
8
Let i(p) = 3*p + 3. Let y = 43 - 40. Let r be 1*(y + 1) + 70. Suppose -12*w - r = -14. Calculate i(w).
-12
Let m(a) = -9*a**2 + a. Let j(q) = q**2 + 4*q + 3. Let n be j(-3). Let c = -440 + 443. Suppose n*z - c*z = -h - 1, z = -5*h + 11. Give m(z).
-8
Suppose -25*l + 4*u = -21*l + 4, -3 = -u. Let t(r) = -3*r - 5*r - 11 + 23*r - 9*r + r**l + 2*r. What is t(-11)?
22
Let g be -6*20/(-15)*-1. Let j be (-3)/4*g - 1. Let k(a) = a - 5. Determine k(j).
0
Let t(s) = -5*s**3 - 14*s**2 - s - 26. Let z be t(-3). Let h(r) = 9*r + 130. What is h(z)?
4
Let a(x) = -6*x + 2. Let t(h) = -7*h + 3. Let c(f) = 6*a(f) - 5*t(f). Let j be (-1)/(-5) - (414/(-30) - -4). Suppose 0 = 12*q - j*q + 14. Calculate c(q).
4
Suppose -16*d = -15*d - 32. Suppose d = -3*k + 14. Let u(z) = z**2 + 8*z - 4. Determine u(k).
-16
Suppose -58*w - 6 = -61*w. Suppose -19 - 19 = -w*q. Let b(o) = -6*o - 12*o + o**3 + q*o - 1 + 2*o**2. Determine b(-2).
-3
Let d(p) = 11850 + 24*p + 42*p - 23494 + 11848. What is d(-3)?
6
Let d(n) = n**3 - 4*n**2 + 5*n + 1. Let w(y) = -y**3 + 4*y**2 + 6*y - 9. Let v be w(-2). What is d(v)?
7
Let d = -101 + 241. Let h = d - 136. Let n(x) = -2*x**2 + 6*x - 6. Give n(h).
-14
Let w(r) = 3*r. Let a(j) = -16*j + 60. Let p be a(4). Let u be (-3)/(15/140*p). What is w(u)?
21
Let u(q) = -3*q**2 + 6*q + 3. Suppose -5*b + 2 = -s, 4*s - 5*b + 1097 = 1104. Calculate u(s).
-6
Let d = 18354 + -18364. Let f(t) = t + 25. Give f(d).
15
Let r(h) = -h**2 - 24*h - 133. Suppose t = -z - 15, 416*z + 4*t - 52 = 419*z. Give r(z).
-5
Let p(g) be the third derivative of 0 - 7/6*g**3 + 1/8*g**4 + 0*g - 72*g**2. Calculate p(8).
17
Let s be 82 + (-12)/(-8)*2. Let b(t) = -s*t - 81*t + 10 + 165*t. Determine b(9).
1
Let y = -23053 - -23053. Suppose z = -0*z. Let u(x) = z*x + 3 - x + 1 + y*x. What is u(8)?
-4
Let d(g) be the first derivative of -g**2/2 - g + 15015. Let q = 0 + 1. Calculate d(q).
-2
Let r(t) = -t**2 - t. Suppose 6*j + 233 = -859. Let x be (-2)/8 + j/8. Let u = -23 - x. Determine r(u).
0
Let y(a) be the third derivative of -a**4/24 - 11*a**3/3 - 2*a**2 - 5. Let v be (-844)/36 + 116/261. What is y(v)?
1
Let v(d) be the third derivative of d**5/60 - d**4/4 + d**3 + 6*d**2. Let u = -117 - -121. Let y be v(u). Let j(t) = t**2 - 3*t - 2. What is j(y)?
8
Let g be ((-6)/(-7))/(-9 - 4108/(-455)). Let l(i) = -i**3 + 32*i**2 - 58*i - 59. What is l(g)?
1
Let f(z) = z**2 - 6*z - 3. Let i(o) = -38 + o**2 + o + 46 - 25. Let d be i(-5). What is f(d)?
-12
Let t(p) = p**2 + 4*p - 3. Suppose -6*k + 15*k - 45 = 0. Suppose 49 = -k*a + 169. Suppose 16*z 